 3*l - 44. Suppose 0 = l*h - 1234 + 50. Let f = -76 + h. What is the highest common divisor of 18 and f?
18
Let i be (2 + (-23)/4)*((15 - 11) + -60). What is the highest common factor of 360 and i?
30
Let s(i) be the first derivative of -i**4/4 + 41*i**3/3 - 39*i**2 + 16*i - 138. Let f be s(39). What is the highest common factor of f and 28?
4
Suppose 4*n - 3747 = 3713. Suppose -6*a - 353 + n = 0. What is the greatest common divisor of a and 28?
28
Let p(w) = -29*w - 390. Let s be p(-50). Suppose -s = -x - 1039. What is the highest common divisor of x and 63?
21
Let v(y) = y**3 + 35*y**2 + 195*y - 1. Let t be v(-7). What is the greatest common divisor of 2802 and t?
6
Suppose -154*b = -151*b + 3. Let u be (129 - (10 - 19)) + 6/b. What is the greatest common divisor of 297 and u?
33
Suppose -3*k - 4*i + 5*i = -6192, 2*i = 6. Calculate the highest common factor of k and 118.
59
Let j be (24/(-10))/(6/(-80)). Let y(h) = -h**3 + 21*h**2 + 6*h - 46. Let z be y(21). What is the highest common divisor of z and j?
16
Let v be (-2*1)/(-4)*(-960)/(-32). Let y = 462 + -452. What is the highest common divisor of v and y?
5
Let u be (172/5)/((-2128)/240 + 9). Calculate the greatest common factor of 86 and u.
86
Suppose -3*p = 0, -5*p = -4*m - 3*p - 228. Let z = 176 + m. Calculate the highest common divisor of 34 and z.
17
Suppose 4*l = 3*r - 65, -2*l - 4 = -r + 15. What is the highest common factor of 57537 and r?
27
Let s = -93 - -227. Let j = s - 59. Let b = -560 - -575. Calculate the greatest common divisor of b and j.
15
Let o be 734/(-3) - (10/(-6) - -1). Let v be o/(-30) - 20/150. Calculate the greatest common divisor of v and 8.
8
Suppose m + 4 + 23 = -5*v, -5*v = 4*m + 18. Let z be (3/(-1))/(24/(-112)). Let l = z - v. Calculate the highest common divisor of 20 and l.
20
Suppose 308486 = 307*v - 98*v + 105965. Calculate the highest common factor of 209 and v.
19
Let b = -13775 + 14213. What is the greatest common factor of b and 96?
6
Let s(y) = 4*y**2 + 2*y - 2. Suppose 4 - 6 = -2*d. Let u be s(d). Suppose u*w = -55 + 151. Calculate the highest common factor of w and 72.
24
Let a be ((-80)/(-20) + 2/4)*12. Let s be 3/(a/202) + (-4)/18. Let b = 31 - 20. Calculate the highest common divisor of s and b.
11
Let p = -13 - -33. Suppose 21*u = 15*u + 1518. Let v = -233 + u. Calculate the highest common divisor of p and v.
20
Let i be 1605/315 + 2/(-21). Suppose -216 = -i*d + 129. What is the greatest common factor of 23 and d?
23
Suppose -z + 5 = 4*z. Let f(w) = w**2 + 10*w - 22. Let d be (49/(-2))/7*40/(-70). Let i be f(d). Calculate the greatest common factor of z and i.
1
Let r(h) be the first derivative of 7*h**2 - 79*h + 121. Let w be r(8). Let t(v) = -67*v - 1. Let x be t(-1). Calculate the highest common factor of w and x.
33
Suppose 2*b + 3*w = 60, 12*b - 10*b = -5*w + 48. What is the greatest common divisor of 5863 and b?
13
Let a(p) = 75*p - 1. Let h be a(-1). Let d be (-1577)/h - (-3)/12. Calculate the greatest common factor of d and 336.
21
Let n be (-19 + -52 + 34)/(1/(-65)). Calculate the greatest common divisor of 370 and n.
185
Let x be (28/6)/(127/762). Suppose -7 - 385 = -2*b. Calculate the greatest common factor of b and x.
28
Let f be -7 + 5 + (11 - 12) - -5. What is the greatest common factor of f and 2858?
2
Suppose -4*c = 3*j - 12, 5*c - 26 = j + 8. Suppose 0 = -5*l + 3*q + 22, 41*q = 3*l + 44*q + c. Calculate the highest common divisor of 32 and l.
2
Let l = -11470 - -13252. Calculate the greatest common factor of 1089 and l.
99
Suppose 0 = k - 5*n - 388 - 1362, -5*k - 4*n = -8895. Let d be k/20 + -3 - 4/(-16). What is the greatest common divisor of d and 2?
2
Suppose -3*l + 28 = -2*l + 2*z, -2*l + 32 = -2*z. Let p be 70/21*(67 + -1). Calculate the highest common divisor of l and p.
20
Suppose -2*v + 7*v = -k + 125, 2*k - 222 = -3*v. Suppose 0 = 117*x - k*x - 96. What is the greatest common factor of x and 20?
4
Let d = -12660 - -12792. What is the highest common factor of 627 and d?
33
Let p = -20084 - -24009. What is the greatest common factor of 157 and p?
157
Suppose -13*i = -9*i - 56. Suppose -199 = -3*c + 56. Let b = c + i. What is the highest common divisor of 11 and b?
11
Suppose 2*l + 1 = 5, -18 = -2*r + 3*l. What is the highest common divisor of 390 and r?
6
Let q be 3/(-1) - (-437 + 50). Suppose 7*c = q + 36. Calculate the greatest common divisor of 96 and c.
12
Let c be (-23 + 23)*2/(-6). Suppose 135 = 4*y - 5*x, c*x + 3 = -x. Suppose -154 = -n - 2*n - k, -5*k + 170 = 3*n. What is the greatest common factor of y and n?
10
Let k = 96 - -74. Let u be (4 + k/(-4))*-2. Suppose 5*p + 0*p - 23 = -3*a, 43 = 3*a - 5*p. Calculate the highest common divisor of a and u.
11
Let d(p) = 45*p + 289. Let y(u) = 39*u + 290. Let v(j) = 5*d(j) - 6*y(j). Let a be v(-33). Calculate the greatest common divisor of 8 and a.
2
Suppose -2*v = 3*d - 5 - 2, 5*d + 15 = 2*v. Suppose 2*b = -10, v*c - 4*b - 83 - 117 = 0. Let w = 9 + 45. Calculate the highest common divisor of c and w.
18
Suppose -2*a + 2*n + 44 = 0, 3*a - 5*n + 23 = 5*a. Calculate the greatest common factor of 1007 and a.
19
Let a = -2246 - -2498. Suppose -288 = 3*m - 7*m. What is the greatest common factor of m and a?
36
Let n be (3/(-7))/(48/336). Let w be 4*(n + 4) - 176/(-2). What is the greatest common factor of 69 and w?
23
Let m(o) = -o + 109. Let h be m(-17). What is the greatest common factor of 594 and h?
18
Let i = -448 + 253. Let n = i - -494. What is the greatest common divisor of 23 and n?
23
Suppose -3*u - 18 = 0, w + 5*u - 7*u - 45 = 0. Calculate the highest common factor of 2189 and w.
11
Let y(k) = -k**3 - 66*k**2 - 496*k + 88. Let m be y(-60). What is the highest common factor of m and 8?
8
Let m = 209 + -204. Suppose -5100 = -12*o - m*o. Calculate the greatest common factor of 12 and o.
12
Let v be (-1 - -193)/((-105)/140). Let n = v - -440. Calculate the greatest common factor of n and 23.
23
Let k be (-4)/((-32)/1316)*(4 - 80/(-10)). What is the greatest common divisor of 168 and k?
42
Suppose 249 = 5*c - 31. Suppose -3320 - 2809 = -27*f. Let g = f + -199. Calculate the highest common divisor of g and c.
28
Suppose 65*g = -24*g + 23674. What is the highest common factor of g and 2261?
133
Let f(v) = -34*v + 1. Let p be f(-2). Suppose 6*c - p = 9*c. Let k = 39 + c. Calculate the highest common divisor of 40 and k.
8
Suppose -18848 = -1203*b - 25282 + 60569. Let m(v) = v**2 - 8*v - 5. Let w be m(-5). Calculate the greatest common factor of w and b.
15
Let a(g) = -g**2 + 19*g - 60. Let t be 8/(-10) + 4 + (-144)/(-30). Let n be a(t). Calculate the greatest common factor of 35 and n.
7
Let o(r) = r**2 + 9*r + 24. Let t be o(-3). What is the greatest common divisor of t and 2982?
6
Let r(l) = -3*l**2 - 9*l - 38. Let i be r(-7). Let t be (1*264)/((-3)/2). Let h = i - t. What is the greatest common factor of 6 and h?
6
Let h be 108/(378/21)*(2280 + -2). What is the greatest common divisor of 510 and h?
102
Suppose 0 = -4*l + 4*k - 40, 0 = 4*l + k + 3 + 12. Let p be (18/(-2))/(-1)*l/(-3). Let v be 944/7 - (-5)/35. What is the greatest common divisor of p and v?
15
Suppose -1923 = 2*x - 4*g - 9425, -x + 3756 = -3*g. Suppose 58*n = 50315 - x. Calculate the highest common factor of n and 11.
11
Let n = -10183 + 11119. Calculate the highest common divisor of n and 176.
8
Let m be 4/10 + 51/(-15). Let s be -2*(-1)/2 - m. Let n(t) = 3*t - 5. Let q be n(s). What is the greatest common factor of q and 14?
7
Let b = 9483 + -7155. What is the highest common factor of b and 66?
6
Let m(q) = q**3 - 8*q**2 - 14*q + 24. Let z be m(10). Let h(t) = -15*t - 6. Let i be h(-2). What is the highest common factor of i and z?
12
Let f(n) = 122*n - 3608. Let b be f(30). What is the highest common factor of 13 and b?
13
Suppose 0 = 6*h - 2*t - 268490, 3*t = 2*h - 26730 - 62776. What is the greatest common divisor of h and 29?
29
Suppose -7*q + 6059 = 4491. What is the greatest common divisor of q and 16240?
112
Let k(t) be the second derivative of -t**5/20 - 7*t**4/4 - 29*t**3/6 + 39*t**2/2 + 55*t. Let g be k(-20). Calculate the highest common divisor of g and 365.
73
Suppose -6*k + 7 = -59. Suppose -k*u - 2 = -12*u - r, -4*r - 13 = u. Calculate the highest common factor of 63 and u.
7
Supp